. Let g = 59 - u. Suppose -f - g = -4*o + f, 3*o + f - 27 = 0. Calculate the remainder when 16 is divided by o.
7
Suppose 5*l - 70 = -5*n, 5*l = -n + 31 + 35. Let f = -14 + 39. What is the remainder when f is divided by l?
12
Suppose -u - 40 = 4*u. Let c(d) = -d**2 - 11*d + 6. Calculate the remainder when 117 is divided by c(u).
27
Let l = 2 - 0. Suppose 0 = -r + l + 12. Calculate the remainder when r is divided by 5 + 0 + 0 + 0.
4
Suppose 2*u = -2*z + 10, -3*z + 5*u = -6*z + 9. Suppose 12 = 3*k - 21. What is the remainder when 245/z + (-9)/(-24) is divided by k?
9
Calculate the remainder when 49 is divided by -34*(4 - 36/8).
15
What is the remainder when 49 is divided by 2 - (-3 + 3 + -11)?
10
Let a = -10 + 4. Let u = 21 + a. Calculate the remainder when 26 is divided by u*((-24)/10 - -3).
8
Let b be 1/2 + 6/4. What is the remainder when 32 is divided by (2 - (b + -11)) + 0?
10
Suppose -517 = -20*z + 463. Let n(m) = -3*m - 8. What is the remainder when z is divided by n(-7)?
10
Suppose -t - 2*t = -153. Calculate the remainder when t is divided by 13.
12
Let u(b) = -5*b + 6. Let w(r) = r - 1. Let o(f) = -4*u(f) - 22*w(f). Let d be o(-5). Let p(z) = 3*z + 1. Calculate the remainder when p(d) is divided by 13.
12
Let j = 24 + 0. What is the remainder when j is divided by 1*11 + (-2)/(-1)?
11
Let d(t) = 3*t**2 + 5*t - 7. Suppose 25 = -2*o + 3*b, 5*b - 45 = 2*o + 2*o. What is the remainder when d(o) is divided by (-6)/(-4) + (-351)/(-26)?
13
Let v(p) = -p + 35. Suppose 10*q = 5*q + 4*i + 367, 2*q - 158 = -4*i. Calculate the remainder when q is divided by v(16).
18
Let x(u) = 3*u**2 + 11*u**2 + u**2 - 5*u - u**3 + 3 - 9*u**2. Calculate the remainder when 57 is divided by x(4).
12
Suppose 3*g - 39 = 2*g. Suppose 0*p = -p + 20. What is the remainder when g is divided by p?
19
Let i = 27 - 6. Let y = 58 - i. Calculate the remainder when y is divided by (3/(-9))/(((-32)/156)/8).
11
Suppose 0 = 4*c + 2*t, -2*c + t - 4 = -6*c. Calculate the remainder when 3 is divided by c.
1
Let q be (34/8 + -2)*-4. Let m = 15 + q. What is the remainder when ((-17)/(-2))/((-2)/(-4)) is divided by m?
5
Let s be (6/2)/((-6)/(-8)). Let z(o) = 11*o - 3. Let c = 8 - -6. Calculate the remainder when z(s) is divided by c.
13
Let m(d) = -d**2 + 4*d - 3. Let a be m(2). Let p(b) = 48*b**3 - b**2 - b + 1. What is the remainder when p(a) is divided by 24?
23
Let v be (2 - (7 - -2))*1. Suppose 0 = -2*h - 2, 4*g - 6*g + 4*h = 0. Let z = g - v. Calculate the remainder when 14 is divided by z.
4
Calculate the remainder when 3 is divided by (7 - 13)*(-1)/2.
0
Suppose 0 = v - 2*q - 90, -2*v + 5*q + 131 + 52 = 0. Suppose 41 + v = 5*m. Calculate the remainder when 49 is divided by m.
24
Suppose 44*g - 49*g = -25. Calculate the remainder when 27 is divided by g.
2
Suppose -4*o = -0*o - 200. Calculate the remainder when o is divided by 13.
11
Let s(w) = -11*w - 3. What is the remainder when 56 is divided by s(-2)?
18
Let g(w) = 2*w**2 - 2*w. Let v be g(2). Suppose v*j - 13 = 55. Let x = 20 - -30. Calculate the remainder when x is divided by j.
16
What is the remainder when 56 is divided by 1/(-6) - 230/(-12)?
18
Let c = 7 + -4. Suppose 0 = -4*b + 5 + c. What is the remainder when b is divided by (2/3)/((-2)/(-6))?
0
Let v = -364 + 587. Let w(t) = -18*t**2 + t + 4. Let g be w(3). Let x = v + g. Calculate the remainder when x is divided by 23.
22
Suppose -5*v - 20 = -9*v. Let l = 17 - 10. Suppose -l*s + 3*s + 52 = 0. What is the remainder when s is divided by v?
3
Let c be -2 - -34 - (-4)/2. Suppose c + 92 = 6*u. What is the remainder when 41 is divided by u?
20
Let x(n) = 3*n - 1. Let r be x(2). Suppose r*i - 33 = 82. What is the remainder when i is divided by 24/10*15/3?
11
Suppose -2*f = -5*w - 33, -4*f = -0*f + 4. Let p(j) = -4*j - 6. Calculate the remainder when p(w) is divided by (20 + -2)/((-15)/(-10)).
10
Suppose -r + 6 = 2*r. Suppose -3*j + 49 = r*v, 0 = -3*j + 6*v - 3*v + 24. Calculate the remainder when j is divided by 7.
6
Suppose -x - 8 = 3*q - 55, -49 = -3*q - 2*x. Let w(t) = -3*t - 6. What is the remainder when q is divided by w(-4)?
3
Suppose -106*k = -107*k + 27. What is the remainder when k is divided by 4?
3
Let b(i) = -11*i - 34. What is the remainder when b(-12) is divided by 26?
20
Let v be (-12 + 0)*(-4)/(-8). Let r be 78 - 4*(-3)/v. What is the remainder when (r/(-16))/(2/(-8)) is divided by 7?
5
Let q = 38 - 13. Suppose 4*d = 4*r + 24, 0*r = 5*r + q. What is the remainder when 2 is divided by d?
0
Let b = 2 - 6. Let y = -3 - b. Suppose -4*d + a + 1 = -5, -2 = a. Calculate the remainder when d is divided by y.
0
Let i(b) = b**3 - 2*b**2 + 3*b - 4. Let w = 28 + -2. Calculate the remainder when w is divided by i(3).
12
Suppose -3*x - 4*w - 152 = 0, 5*x + 3*w + 28 = -218. Let s = 78 + x. Calculate the remainder when s is divided by 2/(-4) - 23/(-2).
8
Suppose -3*k = -0*k - 3. Suppose u + k = 3*w - 16, 2 = w - 4*u. Calculate the remainder when 15 is divided by w.
3
Calculate the remainder when 2/(-6)*(-33 + 0) is divided by 4.
3
Calculate the remainder when (11 + -10)/((-2)/(-152)) is divided by 26.
24
Suppose 5*o - l - 135 - 75 = 0, -5*o = -3*l - 210. Suppose -4*f + 298 = o. Calculate the remainder when f is divided by 33.
31
Suppose -2*m = 3*s - 24, s = -2*m - 3 + 11. Suppose -2*w = d + w - s, -4*d + 32 = -w. Calculate the remainder when 31/2 - (-3)/(-6) is divided by d.
7
Suppose -5*i + 32 = 12. Calculate the remainder when i is divided by 1.
0
Suppose -2*f = -3*y + 101 - 2, 2*y = -f + 73. Suppose 0 = -5*o + 175 - y. Suppose 0 = 4*u - 120 + o. What is the remainder when u is divided by 12?
11
Suppose 5*w = w + 32. Calculate the remainder when 23 is divided by w.
7
Let d(p) = p**3 + 9*p**2 + 3*p + 7. Let s be d(-9). Suppose 0 = -z + 5*b + 3, -7*z + 3*b + 13 = -5*z. What is the remainder when z is divided by 1/((2 + -6)/s)?
3
Suppose j + 0*j = 46. Let w = -6 + j. Let p(y) = y**2 + y + 14. Calculate the remainder when w is divided by p(0).
12
Let p(a) = -a**3 - 5*a**2 + 8*a + 4. Let y be p(-6). Let z = 12 + y. Suppose z*w = w + 123. What is the remainder when w is divided by 21?
20
Let v(n) = 3*n + 3. Calculate the remainder when v(10) is divided by 9.
6
Suppose 0 - 25 = 5*l. Let i(u) be the second derivative of -u**3/3 - 7*u**2/2 - 3*u. What is the remainder when 9 is divided by i(l)?
0
Let m = 19 - 15. Let y(a) = 2*a**3 - 2*a**2 - 2. What is the remainder when y(m) is divided by 16?
14
Let x = 4 + 23. Suppose -3*n + x = -27. Calculate the remainder when 52 is divided by n.
16
What is the remainder when (92/2)/(24/36) is divided by 35?
34
Suppose -4*j - 68 = -4*g - 9*j, -5*j - 28 = -4*g. Suppose -62 - 4 = -3*r. Calculate the remainder when r is divided by g.
10
Let j = -53 + 98. Suppose 4*r - j = r. What is the remainder when 28 is divided by r?
13
Let v be (-5 - -3 - -3) + 2. Suppose 3*w - v = -0. Suppose -6 = -3*s - 3. Calculate the remainder when w is divided by s.
0
Let w be 1/(-2) + (-21)/(-6). Let r = w - 3. Let y = 5 + r. What is the remainder when 13 is divided by y?
3
Suppose -2*v + 4*v - 68 = 5*u, 5*v = 2*u + 212. Suppose 3*q + q = v. Suppose 18 = 2*y - 44. Calculate the remainder when y is divided by q.
9
Let u = 1 + 13. Let q be ((-4)/(-3))/(2/3). Suppose -1 + 13 = 4*h, 63 = q*v + 3*h. What is the remainder when v is divided by u?
13
Suppose -2*n + 21 = -17. Let d = 75 - -1. Suppose 0 = 4*m - d - 68. What is the remainder when m is divided by n?
17
Let u = 9 + 1. What is the remainder when 18 is divided by u?
8
Suppose -3*r + 95 = 5*s, -154 = -3*r - 2*r - 4*s. What is the remainder when 119 is divided by r?
29
Let v = 10 - -5. Calculate the remainder when 28 is divided by v.
13
Suppose 3*u - 9 + 3 = 0. Suppose -u*f = -3*o + 289, 5*o + 18 = -4*f + 485. Calculate the remainder when o is divided by 24.
23
What is the remainder when 74 is divided by (8/(-6))/((-32)/912)?
36
Suppose -45*m + 40*m = -30. What is the remainder when 88 is divided by m?
4
Let g = 16 - 16. Let b(s) be the first derivative of -s**4/4 - s**3/3 + 7*s + 1. Calculate the remainder when b(g) is divided by 3.
1
Suppose 0 = 2*s + 2*s, -3*a = s + 12. What is the remainder when 20 - a - (0 + 1) is divided by 8/(-1*(-1 - 0))?
7
Calculate the remainder when (12/(-9) - 0)*-3 is divided by ((-3)/2